
What is the units digit of 411?
1
What is the ten thousands digit of 10092?
1
What is the units digit of 16360?
0
What is the thousands digit of 1621?
1
What is the hundreds digit of 6966?
9
What is the hundreds digit of 5214?
2
What is the hundreds digit of 999?
9
What is the thousands digit of 2676?
2
What is the thousands digit of 3565?
3
What is the ten thousands digit of 32245?
3
What is the thousands digit of 2432?
2
What is the tens digit of 21901?
0
What is the hundreds digit of 60822?
8
What is the units digit of 4657?
7
What is the units digit of 107757?
7
What is the hundreds digit of 10936?
9
What is the hundreds digit of 852?
8
What is the ten thousands digit of 27261?
2
What is the tens digit of 1565?
6
What is the tens digit of 105877?
7
What is the thousands digit of 1140?
1
What is the tens digit of 21465?
6
What is the hundreds digit of 1079?
0
What is the tens digit of 751?
5
What is the tens digit of 666?
6
What is the units digit of 922?
2
What is the units digit of 621?
1
What is the hundreds digit of 594?
5
What is the thousands digit of 1679?
1
What is the units digit of 1868?
8
What is the thousands digit of 3381?
3
What is the units digit of 243?
3
What is the hundreds digit of 408?
4
What is the thousands digit of 1704?
1
What is the hundreds digit of 1550?
5
What is the hundreds digit of 247?
2
What is the hundreds digit of 2298?
2
What is the ten thousands digit of 52132?
5
What is the hundreds digit of 87144?
1
What is the thousands digit of 1201?
1
What is the hundreds digit of 3731?
7
What is the thousands digit of 1379?
1
What is the hundreds digit of 1464?
4
What is the hundreds digit of 1479?
4
What is the hundreds digit of 438?
4
What is the tens digit of 3301?
0
What is the units digit of 2261?
1
What is the ten thousands digit of 42278?
4
What is the tens digit of 16894?
9
What is the thousands digit of 6015?
6
What is the tens digit of 5902?
0
What is the units digit of 71404?
4
What is the thousands digit of 7683?
7
What is the ten thousands digit of 79127?
7
What is the units digit of 6896?
6
What is the tens digit of 989?
8
What is the thousands digit of 5929?
5
What is the tens digit of 16688?
8
What is the tens digit of 21620?
2
What is the units digit of 227?
7
What is the thousands digit of 3904?
3
What is the units digit of 1026?
6
What is the thousands digit of 34804?
4
What is the units digit of 65105?
5
What is the ten thousands digit of 63898?
6
What is the units digit of 591?
1
What is the thousands digit of 10263?
0
What is the units digit of 154?
4
What is the thousands digit of 22338?
2
What is the thousands digit of 1176?
1
What is the tens digit of 2702?
0
What is the tens digit of 1624?
2
What is the tens digit of 1076?
7
What is the units digit of 2087?
7
What is the hundreds digit of 186?
1
What is the thousands digit of 48366?
8
What is the hundreds digit of 954?
9
What is the tens digit of 525?
2
What is the tens digit of 32420?
2
What is the units digit of 3371?
1
What is the thousands digit of 3044?
3
What is the units digit of 60?
0
What is the thousands digit of 24148?
4
What is the tens digit of 102?
0
What is the hundreds digit of 11108?
1
What is the tens digit of 65?
6
What is the hundreds digit of 5634?
6
What is the units digit of 8136?
6
What is the hundreds digit of 2674?
6
What is the tens digit of 413?
1
What is the hundreds digit of 7405?
4
What is the tens digit of 50134?
3
What is the hundreds digit of 6630?
6
What is the thousands digit of 25990?
5
What is the thousands digit of 16318?
6
What is the units digit of 134883?
3
What is the thousands digit of 14190?
4
What is the hundreds digit of 20891?
8
What is the units digit of 167891?
1
What is the tens digit of 28408?
0
What is the thousands digit of 60307?
0
What is the hundreds digit of 15790?
7
What is the units digit of 1148?
8
What is the tens digit of 2433?
3
What is the units digit of 447?
7
What is the thousands digit of 110756?
0
What is the units digit of 16633?
3
What is the thousands digit of 121169?
1
What is the units digit of 8001?
1
What is the tens digit of 688?
8
What is the units digit of 2679?
9
What is the hundreds digit of 894?
8
What is the thousands digit of 2884?
2
What is the units digit of 787?
7
What is the ten thousands digit of 13113?
1
What is the tens digit of 3303?
0
What is the hundreds digit of 1839?
8
What is the units digit of 2299?
9
What is the tens digit of 1639?
3
What is the hundreds digit of 669?
6
What is the thousands digit of 53534?
3
What is the hundreds digit of 87117?
1
What is the thousands digit of 3270?
3
What is the thousands digit of 1430?
1
What is the ten thousands digit of 37619?
3
What is the thousands digit of 42325?
2
What is the tens digit of 828?
2
What is the thousands digit of 1130?
1
What is the hundreds digit of 3634?
6
What is the tens digit of 8150?
5
What is the tens digit of 556?
5
What is the thousands digit of 62542?
2
What is the units digit of 46?
6
What is the tens digit of 40980?
8
What is the ten thousands digit of 11499?
1
What is the thousands digit of 1231?
1
What is the units digit of 752?
2
What is the thousands digit of 3578?
3
What is the tens digit of 19244?
4
What is the tens digit of 757?
5
What is the hundreds digit of 144507?
5
What is the thousands digit of 26530?
6
What is the thousands digit of 1759?
1
What is the tens digit of 55?
5
What is the hundreds digit of 1704?
7
What is the thousands digit of 9939?
9
What is the hundreds digit of 1745?
7
What is the tens digit of 3141?
4
What is the hundreds digit of 15686?
6
What is the tens digit of 7365?
6
What is the hundreds digit of 185?
1
What is the ten thousands digit of 29440?
2
What is the units digit of 553?
3
What is the hundreds digit of 1031?
0
What is the tens digit of 5526?
2
What is the hundreds digit of 7764?
7
What is the hundreds digit of 16024?
0
What is the units digit of 685?
5
What is the hundreds digit of 103?
1
What is the tens digit of 73174?
7
What is the units digit of 229?
9
What is the thousands digit of 1585?
1
What is the hundred thousands digit of 126915?
1
What is the tens digit of 901?
0
What is the units digit of 2812?
2
What is the units digit of 1197?
7
What is the tens digit of 6159?
5
What is the tens digit of 2451?
5
What is the tens digit of 424?
2
What is the tens digit of 2343?
4
What is the hundreds digit of 958?
9
What is the thousands digit of 2370?
2
What is the units digit of 262?
2
What is the hundreds digit of 3346?
3
What is the hundreds digit of 5450?
4
What is the ten thousands digit of 15023?
1
What is the units digit of 1912?
2
What is the thousands digit of 1562?
1
What is the thousands digit of 2288?
2
What is the hundreds digit of 7809?
8
What is the tens digit of 621?
2
What is the hundreds digit of 319?
3
What is the tens digit of 1988?
8
What is the units digit of 2700?
0
What is the units digit of 593?
3
What is the tens digit of 3595?
9
What is the units digit of 578?
8
What is the tens digit of 42?
4
What is the thousands digit of 1425?
1
What is the units digit of 6224?
4
What is the units digit of 682?
2
What is the units digit of 783?
3
What is the ten thousands digit of 12158?
1
What is the units digit of 2564?
4
What is the tens digit of 4428?
2
What is the tens digit of 48251?
5
What is the units digit of 4435?
5
What is the units digit of 9258?
8
What is the hundreds digit of 23868?
8
What is the tens digit of 224?
2
What is the units digit of 883?
3
What is the units digit of 47859?
9
What is the tens digit of 658?
5
What is the tens digit of 4397?
9
What is the hundreds digit of 1364?
3
What is the hundreds digit of 5172?
1
What is the ten thousands digit of 121631?
2
What is the units digit of 1768?
8
What is the tens digit of 2273?
7
What is the units digit of 1761?
1
What is the hundreds digit of 24089?
0
What is the tens digit of 1479?
7
What is the units digit of 17297?
7
What is the units digit of 944?
4
What is the hundreds digit of 38459?
4
What is the tens digit of 728?
2
What is the tens digit of 972?
7
What is the units digit of 1180?
0
What is the tens digit of 421?
2
What is the thousands digit of 1731?
1
What is the thousands digit of 103680?
3
What is the ten thousands digit of 43118?
